11*i(t). Let l = 2 - -3. Let o be a(l). What is x(o)?
-3
Let f = 152 - 150. Let p be (f/(-5))/((-46)/15 + 3). Let u(j) = j**3 - 7*j**2 + 7*j - 7. Calculate u(p).
-1
Let r(x) be the third derivative of -x**5/6 - x**4/24 - 449*x**2. Give r(3).
-93
Let f(j) be the third derivative of -2*j**5/15 + j**3/6 - 2*j**2. Let u(i) = i**2 + 6*i - 25. Let r be u(3). Suppose r = -7*c + 9*c. Give f(c).
-7
Let w(i) = 3*i**2 + 7*i + 1. Let d(a) = 7*a**2 + 14*a + 3. Let h(p) = -4*d(p) + 9*w(p). Suppose 6*o + 500 = -472. Let b = -156 - o. Calculate h(b).
3
Let k = -7497 - -7519. Let r(z) = 4*z - 99. Give r(k).
-11
Suppose -52*f + 53*f + 2*l = -15, -5*f - 2*l - 99 = 0. Let h(o) = o**3 + 18*o**2 - 63*o + 14. What is h(f)?
14
Let u(h) = -h**3 + 7*h**2 - 9*h + 9. Suppose -3*g + 0*g = -4*a - 207, g = -3*a - 165. Let t = a + 59. Let n be 6 - t/20*0. Determine u(n).
-9
Suppose 51 = t + 2*g, -255 = -5*t - 5*g + 8*g. Let j be -1 - 17/t*(4 + -1). Let a be (j/(-5))/((-4)/60). Let i(l) = -l**2 - 4*l + 12. Calculate i(a).
0
Let s(n) be the second derivative of n**4/12 + 5*n**3/2 + 41*n**2/2 - 11*n + 17. Give s(-8).
-15
Let c(u) = u**3 + 8*u**2 + u + 10. Let r(k) be the first derivative of -k**4/4 - 2*k**3/3 + 9*k**2/2 + 10*k - 18. Let w be r(-3). Determine c(w).
2
Let n(h) be the third derivative of 0 + 139*h**2 + 0*h**5 - 1/120*h**6 + 0*h**4 + 0*h + 4/3*h**3. What is n(0)?
8
Let k(l) be the third derivative of -l**5/20 - 31*l**4/24 - l**3/2 - 15*l**2. Let q be k(-10). Let b(n) = -4 + n + 1 + 3 + q. What is b(-8)?
-1
Let f(m) = 12002*m**2 + 19*m**3 - 5999*m**2 + 1 - 139*m**3 - 6006*m**2. Determine f(1).
-122
Let f(p) = p**2 - 12*p + 17. Suppose 413*q = 421*q - 88. Give f(q).
6
Let s(y) be the third derivative of 299*y**2 + 7/12*y**4 - 1/60*y**5 - 4/3*y**3 - 2*y + 0. Give s(9).
37
Let r(j) = 3*j - 11. Let h(a) = -103*a + 1447. Let p be h(14). Calculate r(p).
4
Let k(t) = -10*t + 26 - 38 + 26. What is k(4)?
-26
Let s(g) = 0*g**2 - 4*g + 1 + g**2 + 3*g. Let z(x) = -19*x + 3. Let l be z(-4). Suppose 70 = -3*t + l. Determine s(t).
7
Let p be ((-4)/12)/(2/(-12)). Suppose p*c - 7 = c. Let n(r) = -r**3 + 8*r**2 - 10*r - 2. Calculate n(c).
-23
Let g(d) = 3*d**2 + 3*d + 15. Let f(j) = -7*j**2 - 7*j - 33. Let v(t) = -4*f(t) - 9*g(t). Give v(-4).
9
Let r(g) = -g + 6. Let a be (1 - 6)*(-14)/10. Let s(i) = 2*i**2 - 16*i - 1. Let b(f) = f**2 - 8*f. Let o(t) = -14*b(t) + 6*s(t). Let x be o(a). What is r(x)?
-2
Let m = -18511 - -18501. Let v(j) be the third derivative of j**5/60 - j**4/24 + 4*j**2. Let f(h) = 4*h**2 + 8*h + 8. Let p(n) = -f(n) + 3*v(n). What is p(m)?
2
Suppose 0 = -u, w = 2*w + u - 4. Let d(i) = -3*i + 0*i - i**2 + 7*i + w*i - 8. Let x be d(4). Let z(t) = t**3 - 8*t**2 + 2*t + 7. Give z(x).
23
Let o(j) be the third derivative of j**6/120 + 29*j**5/60 + 5*j**4/4 + 9*j**3 + 108*j**2. Give o(-28).
-2
Let r be (-2 - 48/(-21)) + (-2642)/(-14). Let u(a) = 373*a - 185*a - r*a + 5*a**2 - 1 + a**2. What is u(1)?
4
Let t(f) = f - 1. Suppose -1 = 3*r - 7. Let z be 1/r - (-11)/(-2). Let i = z + 5. Determine t(i).
-1
Let h = 22 - -32. Let u(v) = -h*v + 9*v**2 - v**3 - 59*v + 124*v. Give u(10).
10
Let z(v) = -3*v**2 + 2*v + 2. Let q(n) = -4*n**2 + 2*n + 1. Let f(b) = 2*q(b) - 3*z(b). Let c be 2/8*-635 - 1/4. Let d = 156 + c. What is f(d)?
11
Let k(t) = -7*t**2 + 78*t - 38. Let w be k(11). Let d(g) = -g**2 - 26*g + 28. Determine d(w).
1
Let o(r) = -31*r + 15. Suppose q = 5, -2*q + 20 = 24*j - 22*j. Calculate o(j).
-140
Suppose -22*j = -5*j - 51. Let m(b) = b**2 + j + 7 - 3 - 7*b + 1. Determine m(5).
-2
Suppose 0 = 3*i - 2*f - 6 - 5, -2*f - 16 = -4*i. Suppose -1 = k - i*m, -5*k - 9*m + 21 = -8*m. Let z(s) = -s**3 + 3*s**2 + 2. Give z(k).
-14
Let w(t) = -t**3 - 5*t**2 - 4*t - 6. Let i = -56 + 42. Let z(d) = -d**2 - 15*d - 12. Let m be z(i). Let a be m/6 - (4/(-6) + 5). Determine w(a).
-6
Suppose -3*p - 34*p = 115*p + 1064. Let k(s) = -s - 9. Calculate k(p).
-2
Let p(f) = 6*f + 5*f**2 - 2*f + f**3 + 3*f - 2*f**3. Let g(y) = 4*y - 41. Let m be g(15). Suppose -3*q - 1 = -m. Give p(q).
6
Let x(q) be the first derivative of 7/2*q**2 + 2 - 1/6*q**3 + 2*q. Let r(o) be the first derivative of x(o). Determine r(9).
-2
Let f(t) = 27*t**3 - 3*t**2 + 13*t - 11. Let j be f(1). Let m(b) = -3*b + 65. Determine m(j).
-13
Suppose 21 = l - 4*z, 2*l = 3*l - 5*z - 25. Let f(h) = -2*h + 3. Calculate f(l).
-7
Let y(g) be the second derivative of g**3/6 + 3*g**2/2 - 4012*g. Give y(10).
13
Let f = -4 - -2. Let i(m) = -m**2 - 11*m - 15. Let s(u) = -u**2 - 9*u - 12. Let k(g) = 4*i(g) - 5*s(g). Determine k(f).
2
Let r(f) = -2*f**2 - 4*f. Let q(v) = 3. Let u(p) = -4*p + 61. Let m(w) = -4*q(w) + u(w). Let d be m(13). Determine r(d).
-6
Let i(x) = -3*x + 11. Let v(c) = 8*c - 2. Let u(r) = -2*r + 1. Let d(b) = 3*u(b) + v(b). Let j(p) = -2*d(p) - i(p). What is j(-10)?
-3
Let s(t) = -t**3 - 22*t**2 + 47*t - 25. Let i be s(-24). Let q(o) be the third derivative of o**5/15 - o**4/24 + 57*o**2. Determine q(i).
5
Let j(h) = 0*h + h**3 - 5*h + 0*h**2 - 3*h**2 + 5 + 0*h. Let k(w) = w**3 + 9*w**2 + 13*w - 3. Let p be k(-7). Calculate j(p).
1
Let d(l) = -l + 1. Let x(h) = -14*h - 6. Let k(j) = 5*d(j) + x(j). Suppose -1625*t + 1579*t + 46 = 0. Calculate k(t).
-20
Let k(i) = -5*i**2 - 9*i - 18. Suppose -n = -3*w + 20, 5*n + 4*w - 34 = -20. Give k(n).
-20
Let f(k) be the second derivative of -k**5/10 + k**4/12 - 2*k**3/3 - 5*k**2 + k + 707. What is f(0)?
-10
Let x(f) = -f**2 + 4*f + 5. Let g(d) = -4 + 2*d - 2*d**3 - d**3 - 22*d**2 + 6*d**3 - d**3. Let v be g(11). Suppose -u + b = u - 7, v = 3*u + b. Give x(u).
0
Let m(a) = 76*a - 80. Let j(d) = 21*d - 25. Let z(q) = -7*j(q) + 2*m(q). Determine z(2).
25
Let d(u) = -u**3 + 3*u**2 + 3*u - 1. Let a(b) = -2*b + 16. Let q(h) = 2*h - 16. Let w(y) = 6*a(y) + 7*q(y). Let p be w(10). Give d(p).
-5
Let x(b) = 17*b - 5 - 3*b**2 + 10*b**2 + 11*b - 36*b + 12*b. What is x(-4)?
91
Let h(o) be the second derivative of -o + 1/2*o**3 + 1/12*o**4 - 1/2*o**2 - 21. Give h(-3).
-1
Let t(r) = -r**2 - 11*r - 13. Let h be t(-5). Let y(z) be the first derivative of -29 - 9*z - 1 + h*z - z**2. Determine y(6).
-4
Let u(l) = -20 + 3 + 20*l + 59 - 22*l**2 - 21 + l**3. What is u(21)?
0
Let b(p) = 2*p**3 - 12*p**2 - 3*p + 30. Suppose 0 = 9*u + 11*u - 120. Let l be b(u). Let r(k) = -k + 3. Calculate r(l).
-9
Let b(d) = 9*d**2 - 6*d**2 + 3880*d**3 - 1938*d**3 + 13*d - 1944*d**3 + 7*d**2. Determine b(6).
6
Suppose 554 + 562 = 124*w. Let h(v) = -v**3 + 8*v**2 + 6*v - 3. Calculate h(w).
-30
Let a be (-58)/(-29) - (-4 - 0). Suppose a*r - 5*r - 10 = 0. Let p(x) = -17*x**3 + r*x**2 + 18*x**3 - x + 1 - 10. What is p(-10)?
1
Let d(y) = 5*y + 4. Let f = 290 + -252. Suppose 0 = f*t - 42*t - 20. Determine d(t).
-21
Let k(z) be the second derivative of -4*z**3/3 + 83*z**2/2 + 367*z. Calculate k(9).
11
Let s be 5/2 - (-5)/(-10). Let w(v) = 4*v**2 - 4*v**2 - 5 + v**s + 2 + 3*v - 2*v**2. Give w(5).
-13
Let l = -10 - 7. Let b = l + 25. Let h(o) = 15*o**3 + 2 - 5 - b*o**2 - 16*o**3 - 8*o. Determine h(-7).
4
Let v(c) = -c**2 + 18*c - 12. Suppose -1122 = -23*d - 75*d + 32*d. What is v(d)?
5
Let r(s) = -38*s**3 - 32*s**2 + 18*s + 56. Let h(i) = -27*i**3 - 21*i**2 + 13*i + 38. Let g(m) = 7*h(m) - 5*r(m). What is g(-12)?
118
Let l be 3/1*4/3. Let j(u) = -10*u - l + 9 + 3*u - 14. Let f(q) = -q. Let n(h) = -6*f(h) + j(h). Determine n(-7).
-2
Let a(g) = g**2 + 32*g - 42 + 0*g**2 + 83 + 77 - 9. What is a(-28)?
-3
Let k(b) be the first derivative of b**4/4 + 4*b**3/3 - b**2/2 + 5*b - 175. Suppose -100*p + 101*p + 5 = 0. Give k(p).
-15
Let f(v) = -v**3 + 7*v**2 + 3*v - 52. Let k be f(-7). Let d = k + -607. Let u(q) = q**2 - 4*q. Determine u(d).
12
Let r(y) = -y - 41. Let o be r(-34). Let z(k) = -k**3 - 8*k**2 - 5*k + 3. Give z(o).
-11
Let w(t) = 5*t**3 + 9*t**2 + 5*t + 9. Let f(x) = 4*x - 32. Let s be f(7). Let k(m) = 9*m**3 + 18*m**2 + 11*m + 18. Let i(o) = s*k(o) + 7*w(o). Determine i(-8).
-1
Suppose 4*k = -3*s - 42, -2*k - 5*s + 22 = 50. Let c be ((-56)/84)/((-1)/k). Let u(b) = -b + 2. Determine u(c).
8
Let h(u) = 13*u - 15. Let x(j) = 39*j - 54. Let k(t) = 7*h(t) - 2*x(t). Calculate k(0).
3
Let s(o) be the second derivative of -o**3/6 - 2*o**2 + 3*o + 26. Let l be (5 - 5) + (-33)/(-3). Suppose -4*y - l = a, -3*a - y + 2*y = -19. Give s(a)